{"id":16,"date":"2017-03-16T13:18:38","date_gmt":"2017-03-16T12:18:38","guid":{"rendered":"http:\/\/www.heil-werden.ch\/?page_id=16"},"modified":"2020-08-29T15:25:11","modified_gmt":"2020-08-29T13:25:11","slug":"viszeraltherapie","status":"publish","type":"page","link":"https:\/\/www.heil-werden.ch\/index.php\/viszeraltherapie\/","title":{"rendered":"Viszeraltherapie"},"content":{"rendered":"<h3><span style=\"color: #c16438;\">Viszeraltherapie<\/span><\/h3>\n<p><span style=\"color: #b16438;\">Diese ganzheitliche Behandlung basiert auf den Wechselwirkungen zwischen dem muskul\u00e4ren, dem viszeralen und dem zentralen kraniosakralen System.<\/span><\/p>\n<p><span style=\"color: #b16438;\">Bewegungen, die eine Person macht, f\u00fchren wir normalerweise auf das muskul\u00e4re System zur\u00fcck. Tats\u00e4chlich aber sind die Bewegungen aller Strukturen (Muskeln, Knochen, Organe etc) relativ zu ihren angrenzenden Strukturen bedeutsam. So stehen zb die Eingeweide einerseits in engem Kontakt miteinander und aber andererseits auch mit muskuloskelettalen Strukturen. Dadurch entstehen spezifische biomechanische Beziehungen, die perfekt mobil bleiben m\u00fcssen.<\/span><\/p>\n<p><span style=\"color: #b16438;\">Aus diesem Grund beinhaltet dieses Therapiekonzept auch die Stimulation von Organen und Nerven. So k\u00f6nnen durch diese ganzheitliche Behandlung folgende Wirkungen erzielt werden:<\/span><\/p>\n<ul>\n<li><span style=\"color: #b16438;\">Wiederherstellung der Mobilit\u00e4t (Muskeln, Organe und Nerven)<\/span><\/li>\n<li><span style=\"color: #b16438;\">Verbesserung der Durchblutung<\/span><\/li>\n<li><span style=\"color: #b16438;\">F\u00f6rderung der Lymphzirkulation<\/span><\/li>\n<li><span style=\"color: #b16438;\">Verbesserung Funktion Nervensystem<\/span><\/li>\n<li><span style=\"color: #b16438;\">Stoffwechselnormalisierung<\/span><\/li>\n<li><span style=\"color: #b16438;\">Beseitigung von Stenosen oder Spasmen<\/span><\/li>\n<li><span style=\"color: #b16438;\">Verbesserung Hormonhaushalt<\/span><\/li>\n<li><span style=\"color: #b16438;\">Verhinderung R\u00fcckf\u00e4lle (rezidivierend) von Wirbels\u00e4ulen Blockierungen<\/span><\/li>\n<li><span style=\"color: #b16438;\">Positiver Einfluss auf die Psyche<\/span><\/li>\n<\/ul>\n","protected":false},"excerpt":{"rendered":"<p>Viszeraltherapie Diese ganzheitliche Behandlung basiert auf den Wechselwirkungen zwischen dem muskul\u00e4ren, dem viszeralen und dem zentralen kraniosakralen System. Bewegungen, die eine Person macht, f\u00fchren wir normalerweise auf das muskul\u00e4re System zur\u00fcck. Tats\u00e4chlich aber sind die Bewegungen aller Strukturen (Muskeln, Knochen, Organe etc) relativ zu ihren angrenzenden Strukturen bedeutsam. So stehen zb die Eingeweide einerseits in&hellip;<\/p>\n","protected":false},"author":3,"featured_media":0,"parent":0,"menu_order":0,"comment_status":"closed","ping_status":"closed","template":"","meta":{"footnotes":""},"class_list":["post-16","page","type-page","status-publish","hentry","description-off"],"_links":{"self":[{"href":"https:\/\/www.heil-werden.ch\/index.php\/wp-json\/wp\/v2\/pages\/16","targetHints":{"allow":["GET"]}}],"collection":[{"href":"https:\/\/www.heil-werden.ch\/index.php\/wp-json\/wp\/v2\/pages"}],"about":[{"href":"https:\/\/www.heil-werden.ch\/index.php\/wp-json\/wp\/v2\/types\/page"}],"author":[{"embeddable":true,"href":"https:\/\/www.heil-werden.ch\/index.php\/wp-json\/wp\/v2\/users\/3"}],"replies":[{"embeddable":true,"href":"https:\/\/www.heil-werden.ch\/index.php\/wp-json\/wp\/v2\/comments?post=16"}],"version-history":[{"count":4,"href":"https:\/\/www.heil-werden.ch\/index.php\/wp-json\/wp\/v2\/pages\/16\/revisions"}],"predecessor-version":[{"id":292,"href":"https:\/\/www.heil-werden.ch\/index.php\/wp-json\/wp\/v2\/pages\/16\/revisions\/292"}],"wp:attachment":[{"href":"https:\/\/www.heil-werden.ch\/index.php\/wp-json\/wp\/v2\/media?parent=16"}],"curies":[{"name":"wp","href":"https:\/\/api.w.org\/{rel}","templated":true}]}}